 + 1446 = 5*p + 3*a. What is the hundreds digit of p?
2
Let u(h) = -10*h + 76. Let b be u(7). Suppose 327 = b*g + 27. What is the units digit of g?
0
Let k = -3471 + 14476. What is the ten thousands digit of k?
1
Let w be (-802)/(-5) + (-64)/160. Suppose 4*n - w - 1000 = 0. What is the tens digit of n?
9
Suppose -2*d - 3*z = z - 28, -3*d + z + 7 = 0. Suppose -p + d = 5*q - 209, 0 = 2*p - 5*q - 501. What is the hundreds digit of p?
2
What is the thousands digit of -1 + 50102 - ((-12)/18 - (-68)/(-51))?
0
Suppose -34*l - 29856 = -69880 - 122802. What is the thousands digit of l?
4
Let n = 251 - -378. Let j be n/3 - (-3 - (-33)/9). Suppose 4*u - j = 3*z, -u + 81 = 2*z + 3*z. What is the tens digit of u?
5
Let d = 7564 + -5059. What is the units digit of d?
5
Let c be (10*2/(-8))/(7/(-14)). Suppose -3*a + 2564 = -4*v, -2*a + c*v + 1305 = -409. What is the tens digit of a?
5
Let j(x) = 2353*x + 973. What is the units digit of j(15)?
8
Let g(p) = -p**2 - 17*p - 107. Let o(d) = -2*d + 1. Let i(j) = g(j) + 6*o(j). What is the units digit of i(-23)?
7
Let x = 2309 - 2315. Let l(a) = -7*a - 24. Let d(k) = 13*k + 47. Let q(n) = 3*d(n) + 7*l(n). What is the units digit of q(x)?
3
What is the thousands digit of 9362940/204 + (-100)/(-425)?
5
Let d = 48972 - 655. What is the ten thousands digit of d?
4
Let i(r) = -5*r + 38. Let y be i(10). Let a = -13 - y. What is the tens digit of (a + 0)/(((-10)/138)/5)?
6
Suppose -n - l - 2127 = -37513, -n = -l - 35396. What is the ten thousands digit of n?
3
Let h = -22084 + 35238. What is the hundreds digit of h?
1
Suppose 0 = -5*z - 6*t + 11*t + 250, z - 5*t = 58. Suppose z*j - 54*j + 2502 = 0. What is the tens digit of j?
1
Suppose 20*m = 17*m - 183. Let r be (0 - m) + (-3)/(6 + -3). Suppose -5*s + 2*w = -r, 0*w + 10 = 2*w. What is the units digit of s?
4
Let h(r) = -33*r - 93. Let l(t) = 8*t + 23. Let j(p) = -4*h(p) - 18*l(p). What is the tens digit of j(-25)?
5
Let l(k) = -k + 36. Let j be l(-25). Suppose -47*v - 22610 = -j*v. What is the tens digit of v?
1
Let h = 1297 - 102. What is the tens digit of h?
9
Suppose 16 = -4*o + 20*o. What is the units digit of 16 - 5 - (o - (-4)/2)?
8
Let c = 90 + -81. Suppose c*m - 29 = 7. Suppose -114 = -m*z + 2*z. What is the units digit of z?
7
Suppose -59 = 2*t + 21. Let u = t + 44. What is the tens digit of -34*3/u*28/(-6)?
1
Let t(x) = x**3 + 23*x**2 + 29*x - 56. Suppose -4*s - 2*k - 2*k = 88, s + 5*k + 34 = 0. What is the hundreds digit of t(s)?
8
Let f(s) = -7*s**3 - 69*s**2 + 82*s + 1562. What is the ten thousands digit of f(-22)?
4
What is the units digit of -42646*(7 - -11)/(-36)?
3
Let x(j) = 116*j**2 - 2*j - 9. What is the hundreds digit of x(6)?
1
Suppose -17*p = -12*p - o - 14616, -4*o = 4. What is the tens digit of p?
2
Let o(w) = -w**3 + 17*w**2 + 15*w + 26. Let l be o(12). Suppose l = r - 2*r. What is the tens digit of 2/((-12)/r) + (-26)/(-39)?
5
Suppose -11*z = -3*z + 16. Let m be 7 + (3/z)/(9/12). What is the tens digit of (10/m - 3) + 67?
6
Let g = -45 - -52. Suppose 75 = g*p - 800. What is the tens digit of p?
2
What is the tens digit of (1818/15)/((-71)/(-2130))?
3
Let a(j) = -j**3 + 20*j**2 - 20*j - 55. Let z(f) = 3*f + 42. Let t(i) = i - 1. Let c be t(-7). Let s be z(c). What is the units digit of a(s)?
3
Let o = -22 + 22. Suppose -16*h + 6155 + 1669 = o. What is the units digit of h?
9
Let g(m) = m**2 - m. Let f(c) = c**2 + 3*c - 5. Let o(u) = f(u) + 2*g(u). What is the tens digit of o(-12)?
1
Let c be 120/36*3/2. Suppose -4*d - o + 448 = 0, -c*o - 24 = -d + 67. Suppose 9*s - d = 555. What is the tens digit of s?
7
Suppose 2*c + 3*c - 20 = 0. Suppose 0 = 4*m + 4, -c*y - 14 = 2*m. What is the units digit of (14/y)/(2*3/(-126))?
8
Let t(r) = -6*r + 101. Let b be t(16). Suppose b*y + 1212 = 11*y. What is the units digit of y?
2
Let v(g) = 6*g - 157. Let m be v(27). What is the thousands digit of 5420/(m + 0) - 2?
1
Suppose 315252 = 62*d + 72398. What is the tens digit of d?
1
Let u(d) = -9925*d - 3846. What is the hundreds digit of u(-2)?
0
Let d(v) = -8*v**3 - 47*v**2 - 13*v - 149. What is the hundreds digit of d(-17)?
7
Let v(x) = x**2 - 3*x - 21. Let c be v(7). What is the tens digit of (12 - -2)/98 + 4654/c?
6
Suppose 0 = 6*f - 9*f + 6. Suppose f*q + 11 - 9 = 0. What is the units digit of -3*(1 - 0) + (11 - q)?
9
What is the thousands digit of (-6500744)/(-88) - (10 - (-1417)/(-143))?
3
Let m(h) = h**2 + 8*h - 15. Let a be m(-10). Suppose 0 = 2*z - 2*f + 4 - 34, 0 = z + a*f + 15. Suppose -z*x - 126 = -12*x. What is the units digit of x?
3
Let h = 357 + -346. Suppose -h*p - 1074 = -17*p. What is the tens digit of p?
7
Let z be 2 - (2 + (-3 - 0)). What is the tens digit of (z - 1) + -3 + 4 - -583?
8
Suppose -4*s - 8 = -0. Let b be ((-100)/(-10))/(1 + s). Let y = 50 - b. What is the units digit of y?
0
Let a = -1676 - -13079. What is the tens digit of a?
0
Let b(z) = -z**3 - 6*z**2 + 73*z - 4. Let n be b(6). Suppose -382 = -n*l + 1024. What is the units digit of l?
3
What is the hundreds digit of -9*(-18)/(-81) + 4253?
2
Let r = 15000 - 6787. What is the hundreds digit of r?
2
Let i be (18/(-45))/(2 + (-27)/15). What is the units digit of 4/i + (-14 - -1) + 657?
2
Let a(d) = -2*d**3 - 19*d**2 + 6*d + 25. Let i be a(-10). Let p = 512 - i. What is the tens digit of p?
4
Let l = -8525 + 19339. What is the tens digit of l?
1
Suppose -8*r - 6*r = -0*r. Let a(m) = 39 - 36*m + 34 + 9 + 37*m. What is the tens digit of a(r)?
8
Suppose -1873 + 12633 = 10*i. Suppose -4*z + i = -1952. What is the units digit of z?
7
Suppose 41*s - 33*s + 32 = 0. What is the hundreds digit of (0/s)/1 - -395?
3
Suppose -24*p + 9*p + 2730 = 0. Let x = -72 + p. What is the hundreds digit of x?
1
Suppose 8*f + f = 1017. Let b = 12 - f. What is the tens digit of b/(-6) - 10/(-60)?
1
Let v = -3342 + 3711. What is the tens digit of v?
6
Let r(x) = 1293*x + 1223. What is the units digit of r(18)?
7
Let j be 1*72*(-8)/12. Let r be 3/(-18) - 9896/j. Let f = 377 - r. What is the hundreds digit of f?
1
Suppose 2*j = -6*s + 4*s + 76, 0 = -s + 3*j + 22. Let a = s - 30. Suppose 10*b - 54 = a*b. What is the units digit of b?
9
Suppose -8921 - 12913 = -2*l - 2*m, 3*m = 5*l - 54633. What is the ten thousands digit of l?
1
Let m = -190 + 358. Let o = m + -87. Suppose 2*p - o = p. What is the units digit of p?
1
Let d be (-19)/((-114)/6780) - 7. Let j = d + -689. What is the tens digit of j?
3
Let a(g) = 5*g**2 - 22*g - 425. What is the thousands digit of a(-38)?
7
Suppose 0 = h + 650*d - 652*d - 6451, -5*d + 6423 = h. What is the thousands digit of h?
6
Let o be (-2289)/(-147) + 4/(-7). Let h be (-8)/10*o/(-6). Suppose 3*y = -h*y + 60. What is the tens digit of y?
1
Let l be (2/(-5))/(((-2)/1)/20). Suppose g + 11 = -0*g + 3*f, 21 = l*g + f. Suppose -216 - 152 = -g*n. What is the units digit of n?
2
Let w be (2/(-6))/((-4)/540). Let a = 426 - w. What is the hundreds digit of a?
3
Let i(o) = -135*o - 50. Let k be i(16). Let x be (-46)/(-23)*k/(-4). Suppose 7*p - x = -139. What is the units digit of p?
8
Let y(o) = -o**2 - 37*o + 88. Let z be -22 + (3 + -3 - -2). What is the tens digit of y(z)?
2
Let w = -96 - -271. Let k = w + 1124. What is the thousands digit of k?
1
Let c be (-203)/(-42) - (-4)/24. Let n(o) = 2*o**2 + 5*o - 53. What is the tens digit of n(c)?
2
Suppose 2*i = -8, -2*m + 0*i - 2*i = -53114. Suppose -28*u + m = -30475. What is the thousands digit of u?
2
Suppose -12*k = -29 - 79. Suppose -k*t = 2*t - 44. Suppose -t*s = 6*u - u - 175, 185 = 5*s - 5*u. What is the units digit of s?
0
What is the thousands digit of 9546 - (-6 - 54)/(-10)?
9
Suppose -259864 - 569279 = -36*y - 59607. What is the hundreds digit of y?
3
Suppose -3*s + 3639 = n + 962, 3*n - s - 8081 = 0. Suppose 17*i + n = 21*i. What is the tens digit of i?
7
Suppose 2*q = 4*m - 4, -q = -0*m + 4*m - 10. Suppose 0 = -3*l - q*s + 170 + 1673, 2*l - 1222 = 2*s. What is the tens digit of l?
1
Let b be (-6923)/(-1449) + 4/18. Let o(y) = -y**2 + y - 9. Let r(i) = -2*i**2 - 9. Let n(q) = 3*o(q) - 2*r(q). What is the units digit of n(b)?
1
Suppose 0 = -l + 73 - 86. What is the hundreds digit of (l/(-3))/(-4 + 1015/252)?
1
Let b = -30 - -34. Suppose -b*r = 606 - 66. What is the hundreds digit of 30/(-4)*9/(r/204)?
1
Let u be 84/(-10)*(-2